the prime factors of 32729?
23, 1423
What are the prime factors of 1246?
2, 7, 89
What are the prime factors of 1101?
3, 367
What are the prime factors of 9268?
2, 7, 331
What are the prime factors of 56385?
3, 5, 7, 179
List the prime factors of 11932.
2, 19, 157
List the prime factors of 21765.
3, 5, 1451
List the prime factors of 6849.
3, 761
What are the prime factors of 1874?
2, 937
List the prime factors of 10914.
2, 3, 17, 107
List the prime factors of 409.
409
List the prime factors of 4576.
2, 11, 13
List the prime factors of 4389.
3, 7, 11, 19
What are the prime factors of 1020?
2, 3, 5, 17
List the prime factors of 85592.
2, 13, 823
What are the prime factors of 8702?
2, 19, 229
List the prime factors of 31719.
3, 97, 109
List the prime factors of 2768.
2, 173
List the prime factors of 555.
3, 5, 37
List the prime factors of 109027.
31, 3517
What are the prime factors of 3895?
5, 19, 41
List the prime factors of 21636.
2, 3, 601
What are the prime factors of 3197?
23, 139
List the prime factors of 79804.
2, 71, 281
What are the prime factors of 43507?
139, 313
List the prime factors of 58024.
2, 7253
What are the prime factors of 8933?
8933
What are the prime factors of 5226?
2, 3, 13, 67
What are the prime factors of 3231?
3, 359
List the prime factors of 59321.
137, 433
What are the prime factors of 126577?
11, 37, 311
What are the prime factors of 16782?
2, 3, 2797
What are the prime factors of 26959?
26959
What are the prime factors of 12613?
12613
What are the prime factors of 792?
2, 3, 11
What are the prime factors of 12233?
13, 941
What are the prime factors of 14824?
2, 17, 109
List the prime factors of 583.
11, 53
List the prime factors of 12547.
12547
What are the prime factors of 1409?
1409
List the prime factors of 1852.
2, 463
What are the prime factors of 5227?
5227
List the prime factors of 33907.
41, 827
What are the prime factors of 8618?
2, 31, 139
What are the prime factors of 34250?
2, 5, 137
What are the prime factors of 7864?
2, 983
List the prime factors of 5399.
5399
List the prime factors of 3461.
3461
List the prime factors of 3597.
3, 11, 109
What are the prime factors of 1182?
2, 3, 197
What are the prime factors of 427?
7, 61
List the prime factors of 761.
761
List the prime factors of 177.
3, 59
What are the prime factors of 4122?
2, 3, 229
What are the prime factors of 106619?
106619
What are the prime factors of 62495?
5, 29, 431
What are the prime factors of 81799?
81799
What are the prime factors of 1169?
7, 167
List the prime factors of 2890.
2, 5, 17
List the prime factors of 103963.
103963
List the prime factors of 12513.
3, 43, 97
What are the prime factors of 7575?
3, 5, 101
List the prime factors of 3229.
3229
List the prime factors of 3702.
2, 3, 617
What are the prime factors of 3455?
5, 691
What are the prime factors of 21383?
21383
List the prime factors of 68286.
2, 3, 19, 599
What are the prime factors of 6949?
6949
List the prime factors of 54495.
3, 5, 7, 173
List the prime factors of 1172.
2, 293
List the prime factors of 7.
7
List the prime factors of 61465.
5, 19, 647
What are the prime factors of 202?
2, 101
List the prime factors of 1453.
1453
What are the prime factors of 29711?
11, 37, 73
List the prime factors of 15200.
2, 5, 19
What are the prime factors of 485?
5, 97
List the prime factors of 11405.
5, 2281
List the prime factors of 12150.
2, 3, 5
What are the prime factors of 471?
3, 157
List the prime factors of 13787.
17, 811
List the prime factors of 64337.
7, 13, 101
What are the prime factors of 94977?
3, 61, 173
List the prime factors of 9137.
9137
List the prime factors of 219.
3, 73
What are the prime factors of 24220?
2, 5, 7, 173
What are the prime factors of 36674?
2, 11, 1667
What are the prime factors of 23835?
3, 5, 7, 227
What are the prime factors of 83478?
2, 3, 13913
What are the prime factors of 1603?
7, 229
What are the prime factors of 4597?
4597
List the prime factors of 622.
2, 311
What are the prime factors of 294?
2, 3, 7
What are the prime factors of 1779?
3, 593
What are the prime factors of 32186?
2, 7, 11, 19
List the prime factors of 5189.
5189
List the prime factors of 20368.
2, 19, 67
What are the prime factors of 73784?
2, 23, 401
List the prime factors of 7860.
2, 3, 5, 131
What are the prime factors of 1050?
2, 3, 5, 7
What are the prime factors of 12838?
2, 7, 131
What are the prime factors of 117968?
2, 73, 101
What are the prime factors of 18404?
2, 43, 107
What are the prime factors of 2287?
2287
List the prime factors of 207.
3, 23
What are the prime factors of 17771?
13, 1367
List the prime factors of 2747.
41, 67
What are the prime factors of 30433?
13, 2341
What are the prime factors of 6524?
2, 7, 233
List the prime factors of 32441.
32441
What are the prime factors of 14491?
43, 337
What are the prime factors of 20866?
2, 10433
List the prime factors of 8823.
3, 17, 173
List the prime factors of 16448.
2, 257
List the prime factors of 109571.
7, 11, 1423
What are the prime factors of 17977?
17977
What are the prime factors of 22276?
2, 5569
What are the prime factors of 3213?
3, 7, 17
What are the prime factors of 105411?
3, 41, 857
List the prime factors of 10453.
10453
What are the prime factors of 1779?
3, 593
What are the prime factors of 61054?
2, 7, 89
List the prime factors of 1168.
2, 73
What are the prime factors of 107059?
151, 709
What are the prime factors of 2149?
7, 307
What are the prime factors of 3107?
13, 239
What are the prime factors of 855?
3, 5, 19
List the prime factors of 22840.
2, 5, 571
List the prime factors of 28495.
5, 41, 139
List the prime factors of 23942.
2, 11971
What are the prime factors of 6084?
2, 3, 13
List the prime factors of 8881.
83, 107
What are the prime factors of 21625?
5, 173
List the prime factors of 6467.
29, 223
List the prime factors of 4296.
2, 3, 179
What are the prime factors of 79324?
2, 7, 2833
List the prime factors of 16852.
2, 11, 383
List the prime factors of 2145.
3, 5, 11, 13
List the prime factors of 25305.
3, 5, 7, 241
List the prime factors of 823.
823
What are the prime factors of 151978?
2, 75989
List the prime factors of 194277.
3, 31, 2089
List the prime factors of 68888.
2, 79, 109
What are the prime factors of 135297?
3, 5011
List the prime factors of 26981.
26981
What are the prime factors of 4748?
2, 1187
What are the prime factors of 17603?
29, 607
What are the prime factors of 993?
3, 331
List the prime factors of 1561.
7, 223
What are the prime factors of 46883?
173, 271
List the prime factors of 548.
2, 137
What are the prime factors of 1857?
3, 619
List the prime factors of 1279.
1279
What are the prime factors of 3644?
2, 911
List the prime factors of 2452.
2, 613
List the prime factors of 151823.
7, 23, 41
List the prime factors of 35579.
47, 757
What are the prime factors of 4638?
2, 3, 773
List the prime factors of 3664.
2, 229
What are the prime factors of 711?
3, 79
What are the prime factors of 33403?
33403
What are the prime factors of 95817?
3, 19, 41
List the prime factors of 549.
3, 61
What are the prime factors of 58110?
2, 3, 5, 13, 149
List the prime factors of 8456.
2, 7, 151
What are the prime factors of 24096?
2, 3, 251
What are the prime factors of 31751?
31751
List the prime factors of 15927.
3, 5309
List the prime factors of 1364.
2, 11, 31
What are the prime factors of 1078?
2, 7, 11
List the prime factors of 1395.
3, 5, 31
What are the prime factors of 70183?
70183
List the prime factors of 5968.
2, 373
List the prime factors of 2392.
2, 13, 23
List the prime factors of 461.
461
What are the prime factors of 1113?
3, 7, 53
List the prime factors of 9888.
2, 3, 103
List the prime factors of 17848.
2, 23, 97
List the prime factors of 764.
2, 191
What are the prime factors of 13213?
73, 181
What are the prime factors of 8570?
2, 5, 857
List the prime factors of 67026.
2, 3, 11171
List the prime factors of 33302.
2, 16651
List the prime factors of 13042.
2, 6521
List the prime factors of 28504.
2, 7, 509
List the prime factors of 56602.
2, 7, 13, 311
What are the prime factors of 2119?
13, 163
List the prime factors of 8027.
23, 349
What are the prime factors of 168?
2, 3, 7
What are the prime factors of 1104?
2, 3, 23
What are t